
-15
What is the value of -2 + -15 + 8 + -4 + -6?
-19
10 - (13 + -28 + 1 + 18)
6
15 + (-6 + -3 + 5 - (-3 - -2))
12
What is -12 + 8 - 11 - -13 - -12?
10
Evaluate (-1 - -7) + (245 - 258).
-7
Evaluate -14 - -10 - (-3 - 3).
2
What is -14 + 7 - (24 - 43)?
12
1 + -13 + 6 + (4 + -6 - 0)
-8
What is 28 + 12 - 41 - (0 + 7)?
-8
-9 + (-52 + 73 - (5 + 2))
5
10 - (2 + 3 + -4 + -1 + -1)
11
Evaluate (8 - (8 + -3)) + -3 + (-5 - -2).
-3
Evaluate 41 + -54 + (13 - (-5 + 4)).
1
Evaluate 4 + -7 + -10 + 0.
-13
What is 15 + -5 + 14 + (-15 - 8)?
1
What is the value of (8 + -4 - -2) + (-14 - 4) + 5?
-7
(-15 - -20) + 3 - 10
-2
-2 + -9 + 14 - (-3 + 4)
2
What is 0 + -30 - (-9 + -3)?
-18
What is -3 - (-5 + 15 + (7 - 15)) - 11?
-16
What is -9 + (-20 + -15 - -25)?
-19
What is the value of 24 - (21 - 21) - 47?
-23
Evaluate 1 + -28 + -3291 + 3296.
-22
Calculate -21 + 15 - (1 - 9) - 13.
-11
Evaluate 151 + -188 + 38 + 6.
7
Calculate (121 + -117 - (1 - -9)) + 0.
-6
Evaluate -27 + 2 + 27 + -28.
-26
What is the value of 0 - -13 - (-101 - -65 - -43)?
6
Calculate (25 - 32 - 0) + -8.
-15
Evaluate (2 + 7 - (6 - 3)) + (-2 - 1).
3
What is the value of 22 + -33 - (-20 - 2) - 26?
-15
Calculate 1 + -6 + 1 - (-20 - (21 + -52)).
-15
What is -9266 + 9281 + (-31 - (0 + -1))?
-15
What is -3 + -2 - (2 - 10 - (30 - 32))?
1
What is -2 + (-8 - (-4 - 5))?
-1
What is the value of -7 + (9 - -2) + (-54 - -57)?
7
Evaluate 2 + (1 - -1) - ((3 - 8) + 4).
5
What is (2 - 8 - (-6 + -9 + 7)) + -10?
-8
What is the value of 3 + (48 - 53 - (-1 - -5))?
-6
What is -11 - (7 + -8 + -11 - 9)?
10
Evaluate -164 + 170 - (1 - (-16 + 1)).
-10
30 - (11 + -24) - (6 + 3 - -2)
32
Calculate -1 + 1 + 3 + -9 + 24.
18
Calculate -6 + -3 + 6 - (4 - 17).
10
Calculate -4 - -20 - (-19 - -21 - 14).
28
-1 + -3 - (26 + -32 + -15) - -1
18
What is (13 + -12 - -5) + (1 - 12 - -2)?
-3
What is 9 + (-9 - -3 - -14) - (1 - -5)?
11
What is the value of -2 + 46 - (-64 - -80)?
28
Evaluate -15 - ((8 - (-7 - -13)) + 12).
-29
What is the value of -9 - (-13 + -2 + 19)?
-13
Evaluate -2 - (-11 + 18 + -11 + -5 - 8).
15
What is (7 - (5 - -10)) + (-1 - -3)?
-6
Evaluate -2 - (-16 + (6 - (10 + 8) - -23)).
3
Calculate -11 + -4 + 21 + (-1 - -8) - -11.
24
(-6 - 22) + -18 + 26 + -10 - -8
-22
What is the value of (-2 - -8) + (19 - 28) + 13?
10
Evaluate -6 + (38 - (24 - -1)).
7
Evaluate -1 + -14 + (5 - -2) + -5.
-13
What is 12 + 0 - (10 + -12) - (57 - 51)?
8
Evaluate -3 - (-9 - (-5 - -8 - 4)).
5
Calculate 23 + -9 + -28 + 23.
9
Evaluate 7 + (3 - (0 - -3 - (-9 + -1))).
-3
Evaluate (-2 - -1) + 1 - (25 - (-18 - -36)).
-7
6 - (8 - (1 - (5 - 6)))
0
-31 + -2 + 54 - 22
-1
What is the value of -30 + (-45 - -129) + -29?
25
What is the value of 23 + -12 - (-5 + -3)?
19
What is the value of 1 + (11 - (-1 - -2) - (68 + -71))?
14
What is -2 - (-8 + (-29 - -15) + (3 - 0))?
17
What is (15 - (20 - -9)) + 7 + -2 + 0?
-9
What is the value of 3 - (-4 - -2 - (-2 - (-6 + 0)))?
9
3 + (-7 + -9 - -7) + -1 + 20
13
Evaluate 6 + (7 + -16 + 6 - -9).
12
Evaluate 0 + 15 + -6 + (-12 - -11).
8
Calculate 2 + (2 - (9 - (0 + 15))).
10
-16 + -19 + (0 - -46)
11
What is the value of (8 - (-14 + 16)) + 6 + (1 - -1)?
14
Calculate -11 - (30 + -14) - -17.
-10
What is (-27 - (-17 + 14)) + 15?
-9
(2070 - 2065) + (1 - 1 - 21)
-16
(-4 - -2) + 6 + (-4 - -7) + 6
13
Calculate 17 + 12 + -63 + 26.
-8
30 + -17 - (19 - 9)
3
Evaluate 6 + -11 + (0 - -1) + -7.
-11
Evaluate 16 + (-26 - -8) + -1.
-3
Calculate 10 + 0 + -1 - (33 + 80 + -111).
7
What is -33 + 39 - (-4 - (-3 + -1) - -18)?
-12
4 - (25 - 11) - (0 + 1)
-11
Calculate 12 + -22 + 7 + 13.
10
(25 + 81 - 36) + -40
30
Evaluate (20 + -16 - 4) + (0 - -8) - 10.
-2
What is the value of -3 - -1 - (14 - 29 - (4 - 17))?
0
What is the value of 116 + -104 + -11 + 3?
4
What is the value of (15 - (0 + (10 - -2))) + -22?
-19
What is 5 + (8 - 7) + (-3 - 8)?
-5
What is the value of (-1 - 5) + (0 + 20 - 3)?
11
What is 24 - 33 - (3 + 1)?
-13
What is the value of 1678 + -1710 - (-14 + 1)?
-19
-2 - (1 + -13 + (27 - 19))
2
What is -2 - (4 - (22 - (4 + 5)))?
7
What is the value of 28 + 6 + -31 - (-6 - 0) - 22?
-13
(-11 - (-2 - 2)) + 55 + -35
13
Calculate -10 + 31 + -23 + 4 + -19 + -4.
-21
4 - (43 + -17 + -35)
13
Evaluate -15 + 7 + 0 + 28 - (2 + 0).
18
8 + -23 + -2 - (4 + -43)
22
Calculate (0 - ((4 - -1 - -1) + -3)) + 6.
3
Calculate -37 + (-14 - -29) + 6.
-16
What is -92 + 92 - (-2 + 7) - (1 - 0)?
-6
What is the value of -184 + 177 + (1 - 4 - 7)?
-17
-291 + 313 + (1 - 8)
15
What is -178 + 164 - (-9 + 0)?
-5
What is 5 + (3 - 12) + 15 + -16?
-5
What is the value of 64 - 42 - (-1 + 18)?
5
Calculate -1 - 17 - (100 - 93) - -8.
-17
Calculate 15 + -28 - -19 - (18 + 3).
-15
-1 - 1 - (-9 - (1 - 4)) - 6
-2
Calculate -1 - -5 - (-6 - (-29 + 10 - 2)).
-11
Evaluate -22 - (-21 - 3) - (-2 + -8).
12
What is -35 + 5 - (-41 + 17)?
-6
What is the value of (-3 - (-10 + -27 - -15)) + 5?
24
What is -9 + -1 + 128 + -129?
-11
What is 1 + (10 - (3 - 1)) + -8?
1
Evaluate 18 - 17 - (2 - 1 - (6 + -2)).
4
Calculate (-6 - (7 - 16)) + (-6 - (1 + 0)).
-4
Calculate (14 - 5) + 0 + -14.
-5
What is 9 - (-22 - -58) - -18?
-9
What is -4 + (-19 - (-9 + 2))?
-16
Calculate 50 + -64 + 34 + -3 + -7.
10
What is the value of -23 + (27 - 9) + 37?
32
Evaluate 10 - (-9 + (15 - -3)).
1
-23 + 58 + -21 + -13
1
7 - 11 - -6 - (1 - 1)
2
What is (2 - (1 - 6 - -9)) + (-5 - -14)?
7
Calculate -21 + (0 - -12 - -7).
-2
-1 + -1 - (675 + -660)
-17
14 + 6 + -14 + -4 + -3 + 1
0
What is the value of (-11 - -38) + -42 - -33?
18
What is 0 + -6 - (-5 - (-33 + 24))?
-10
What is the value of -1 + -1 - 41 - (-15 - (33 - 44))?
-39
What is -5 + (2 - 5 - 1)?
-9
What is -2 + -8 + 22 + (8 - 3)?
17
What is -76 - (-84 + -1 + 41)?
-32
Evaluate -21 - 6 - (5 - 48).
16
Calculate (8 + (1 - 7) - 5) + 16.
13
Evaluate -2 + 19 + -3 + (9 - 21) + 10.
12
(137 + -158 - -32) + (5 - 1) + -1
14
-9 + 2 - (15 - 27 - 16)
21
What is the value of (38 - (-7 + 36)) + (1 - 37)?
-27
What is -6 - (-6 - (-1 + (17 - 6))) - 7?
3
What is -157 - -202 - (-1 + 2 + 1 + 8)?
35
Evaluate (2 - 3) + (12 - -2 - (-29 + 46)).
-4
What is the value of (-3 - -5) + 6 - (-35 + 46)?
-3
Evaluate 844 + -836 + -2 + (-9 - 0).
-3
What is 3 + 0 + (-5 - -14) + -7?
5
What is -8 + -3 - (10 + -8)?
-13
What is the value of (-34 - (3 + -23)) + (3 - 2) + 5?
-8
Evaluate 0 + 3 + -13 + 11 + 20.
21
What is (-113 - -110) + (-3 - 0) - 1?
-7
Evaluate 20 + -41 + 2 + 22.
3
What is (11 - -6 - 8) + -6?
3
Calculate (-3 + 2 - 1) + (-1211 - -1203).
-10
-13 + (-409 + 406 - (-3 - -1 - -4))
-18
What is -3019 + 3032 - (1 + -8 + 1)?
19
What is -114 + 100 - (-21 - (6 + -3))?
10
Calculate 43 + -26 + (-1 - 1).
15
Calculate -3 + 15 + (-9 - 6).
-3
Calculate (70 + -29 - -9) + -31.
19
Evaluate (-31 - -6) + 8 - (73 - 94).
4
Calculate -17 - (-1 + 4) - -18.
-2
Evaluate 8 + -12 - (-4 + -5 + (2 - -12)).
-9
What is -4 - (7 + (-12 - -11))?
-10
What is the value of 113 - 122 - (-26 - 4)?
21
What is the value of -287 - -276 - (1 - 7)?
-5
Calculate (1 - (-2 - -1)) + 14 + (-8 - 20).
-12
What is the value of -24 + 30 - 4 - 26?
-24
What is the value of -10 + (-26 - (10 + -22))?
-24
What is 1895 + -1888 + (0 - (2 - 0))?
5
Calculate -28 - (-17 + 17) - -24.
-4
Calculate 0 + -15 - ((-6 - -2) + 10).
-21
What is (-14 - -24 - 21) + 2 + -8 + 2?
-15
Calculate (-2 - 24) + 10 + -9 + -1.
-26
What is (-10 - -17) + -34 + 19?
-8
(-2 - -9) + (562 - 591)
-22
What is 28 + -13 + (12 - 4 - 7 - -5)?
21
Evaluate -4 + 18 - (0 - -13).
1
Evaluate (16 - (-36 - -28)) + (1 + -6 - 1).
18
Calculate 18 + (12 - 24) - 2 - 2.
2
Calculate 14 + (4 - -3) + -13.
8
What is 2 - -5 - ((18 + 6 - 4) + 1)?
-14
-5 + 20 + -11 - ((0 - 1) + 32)
-27
What is the value of -5970 + 5965 - (18 - (2 + -1 + -1))?
-23
Calculate -29 + 12 + 5 + 1.
-11
Calculate (-14 - (-29 + 34)) + 43.
24
Evaluate (-3 - -9) + 0 - 20.
-14
What is the value of 11 + 0 + 14 + (-99 - -80)?
6
What is the value of -63 + 27 + 32 + (-1 + 19 - 1)?
13
Calculate (5 - -18 - 35) + 35.
23
Calculate (1 - (-22 - (3 + -3))) + (-108 - -115).
30
(-9 + -2 - (4 - 2)) + 241 + -239
-11
What is 8 - 1 - (8 - (-11 - -4))?
-8
Calculate 2 + (10 - 5) + -13.
-6
What is 2 - 6 - (52 - 50) - -2?
-4
Evaluate (-14 - (-14 + -5)) + -3.
2
-4 - (-12 + -14 + (-4 - -19))
7
Calculate (-1 - (12 - (9 + -13 + 4))) + -4.
-17
Calculate (-2 - (5 - -1)) + 44 + -36.
0
What is -9 + -8 + 1